{"id":85,"date":"2013-10-22T10:58:33","date_gmt":"2013-10-22T10:58:33","guid":{"rendered":"http:\/\/buenostratos-dev.larioja.org\/?page_id=85"},"modified":"2014-07-02T11:04:21","modified_gmt":"2014-07-02T11:04:21","slug":"biblioteca","status":"publish","type":"page","link":"https:\/\/buenostratos-blog.larioja.org\/?page_id=85","title":{"rendered":"Recursos"},"content":{"rendered":"<p class=\"MsoNormal\"><img loading=\"lazy\" decoding=\"async\" class=\"alignright size-full wp-image-326\" alt=\"Biblioteca\" src=\"http:\/\/buenostratos-blog.larioja.org\/wp-content\/uploads\/2013\/10\/biblioteca.jpg\" width=\"262\" height=\"175\" \/><\/p>\n<p class=\"MsoNormal\"><span class=\"texto\">En esta secci\u00f3n os ofrecemos recursos <\/span><span class=\"texto\">y materiales did\u00e1cticos considerados de inter\u00e9s dentro y fuera y del aula.<br \/>\n<\/span><\/p>\n<p class=\"MsoNormal\"><a title=\"Publicaciones de Buenos Tratos\" href=\"http:\/\/buenostratos.larioja.org\/publicaciones.html\">Publicaciones de Buenos Tratos<\/a><\/p>\n<p align=\"JUSTIFY\">A continuaci\u00f3n detallamos alguna de\u00a0 las Webs que creemos son interesantes porque pueden contener materiales susceptibles de ser usados en el aula:<\/p>\n<ul>\n<li><a title=\"Ministerio de Sanidad, Servicios sociales e Igualdad\" href=\"http:\/\/www.msssi.gob.es\/ssi\/portada\/home.htm\">Ministerio de Sanidad, Servicios Sociales e Igualdad\u00a0 <\/a>Tiene mucha informaci\u00f3n sobre legislaci\u00f3n, programas, publicaciones, etc.<\/li>\n<li><a title=\"Instituto de la mujer\" href=\" http:\/\/www.inmujer.gob.es\/\"> Insituto de la Mujer <span style=\"color: #000000;\">Informaci\u00f3n relativa a mujer<\/span><\/a><\/li>\n<li><a href=\"https:\/\/www.mepsyd.es\/intercambia\/portada.do\" target=\"_blank\">Intercambia: Educar en femenino y masculino<\/a>: Una gran p\u00e1gina con muchos materiales interesantes y enlaces de inter\u00e9s.<\/li>\n<li><a title=\"Gobierno de La Rioja. Portal de la Mujer\" href=\"http:\/\/www.larioja.org\/npRioja\/default\/defaultpage.jsp?idtab=24850\">Gobierno de la Rioja.Portal de la Mujer\u00a0\u00a0 <span style=\"color: #000000;\">Informaci\u00f3n en material de Igualdad.<\/span><\/a><\/li>\n<li><a title=\"Programa quiereme bien\" href=\"http:\/\/www.quieremebien.es\/\">Programa qui\u00e9reme bien. <\/a>Programa para el buen trato entre j\u00f3venes.<\/li>\n<li><a href=\"http:\/\/www.juntadeandalucia.es\/institutodelamujer\/\" target=\"_blank\">Instituto Andaluz de la Mujer<\/a>: En su \u00e1rea tem\u00e1tica contempla materiales educativos, publicaciones, observatorio de la publicidad no sexista, inmigraci\u00f3n, etc. Adem\u00e1s tiene recursos y servicios. Enlaces de inter\u00e9s.<\/li>\n<li><a href=\"http:\/\/www.juntadeandalucia.es\/averroes\/impe\/web\/portadaEntidad?pag=\/contenidos\/B\/ProfesoradoEnRed\/Coeducacion\/\" target=\"_blank\">Averroes-Coeducaci\u00f3n<\/a>: Contiene noticias, enlaces, materiales, buscador de proyectos, etc.<\/li>\n<li><a href=\"http:\/\/www.juntadeandalucia.es\/averroes\/plandeigualdad\/\" target=\"_blank\">Plan de Igualdad<\/a>: Con este espacio se pretende poner a disposici\u00f3n de todos los docentes un banco de recursos, materiales y propuestas did\u00e1cticas que faciliten el trabajo de promover desde la escuela y el \u00e1mbito educativo, la igualdad efectiva de oportunidades entre hombres y mujeres, entre ni\u00f1os y ni\u00f1as.<\/li>\n<li><a href=\"http:\/\/www.educarenigualdad.org\/\" target=\"_blank\">Directorio de recursos educativos para la igualdad y la prevenci\u00f3n de la violencia de g\u00e9nero<\/a>. Tiene un aula de lectura, materiales educativos, documentos, bibliograf\u00eda, etc.<\/li>\n<li><a title=\"Guia para la prevenci\u00f3n de la violencia\" href=\"http:\/\/www.fundadeps.org\/Observatorio.asp?codrecurso=603\">Prevenci\u00f3n de la violencia contra las Mujeres y las Ni\u00f1as. <span style=\"color: #333333;\">Gu\u00eda editada por la Confederaci\u00f3n Espa\u00f1ola de Asociaciones de Padres y Madres de Alumnos (CEAPA) con los objetivos de informar, animar, fortalecer y orientar a las familias sobre la prevenci\u00f3n de la violencia contra las mujeres y las ni\u00f1as de una manera reflexiva y sencilla. Est\u00e1 destinada a familias de ni\u00f1os de entre 5 y 17 a\u00f1os, interesadas por conocer una combinaci\u00f3n de nociones te\u00f3ricas y pr\u00e1cticas que puedan ayudarles a formar a sus hijos en convivencia social y la relaci\u00f3n no-violenta con el entorno.<\/span><\/a><\/li>\n<li><span style=\"color: #800080;\"><a title=\"Gu\u00eda de derechos\" href=\"http:\/\/www.msssi.gob.es\/ssi\/violenciaGenero\/laDelegacionInforma\/pdfs\/Actualizacion_GuiaDerechos.pdf\"><span style=\"color: #800080;\">Actualizaci\u00f3n gu\u00eda de derechos de \u00abMujeres v\u00edctimas de violencia de g\u00e9nero\u00bb<\/span><\/a> <\/span>La Delegaci\u00f3n del Gobierno para la Violencia de G\u00e9nero ha actualizado la Gu\u00eda de Derechos en la que se abordan todos los derechos reconocidos en la normativa vigente.<\/li>\n<li><a title=\"guia derechos\" href=\"http:\/\/www.ccoo.es\/comunes\/recursos\/1\/pub109843_2013-_La_violencia_contra_las_mujeres._Derechos_laborales_y_de_seguridad_social_de_las_mujeres_victimas_de_violencia_de_genero.pdf\">Guia para derechos de las mujeres v\u00edctimas de violencia de g\u00e9nero\u00a0 <span style=\"color: #000000;\">Pretende ser una herramienta para la defensa de los derechos laborales de las mujeres v\u00edctimas de violencia de g\u00e9nero.<\/span><\/a><\/li>\n<li><a href=\"http:\/\/www.igualate.org\/v_portal\/informacion\/informacionver.asp?cod=4123&amp;te=&amp;idage=&amp;vap=0&amp;codrel=708\">Plataforma de Orientaci\u00f3n sociolaboral<\/a>\u00a0 Base de datos, relevante y actualizada para acceder a las profesiones m\u00e1s destacas de los diferentes sectores y materias.<\/li>\n<\/ul>\n","protected":false},"excerpt":{"rendered":"<p>En esta secci\u00f3n os ofrecemos recursos y materiales did\u00e1cticos considerados de inter\u00e9s dentro y fuera y del aula. Publicaciones de Buenos Tratos A continuaci\u00f3n detallamos alguna de\u00a0 las Webs que creemos son interesantes porque pueden contener materiales susceptibles de ser &hellip; <a href=\"https:\/\/buenostratos-blog.larioja.org\/?page_id=85\">Sigue leyendo <span class=\"meta-nav\">&rarr;<\/span><\/a><\/p>\n","protected":false},"author":1,"featured_media":0,"parent":0,"menu_order":7,"comment_status":"open","ping_status":"closed","template":"sidebar-page.php","meta":{"footnotes":""},"_links":{"self":[{"href":"https:\/\/buenostratos-blog.larioja.org\/index.php?rest_route=\/wp\/v2\/pages\/85"}],"collection":[{"href":"https:\/\/buenostratos-blog.larioja.org\/index.php?rest_route=\/wp\/v2\/pages"}],"about":[{"href":"https:\/\/buenostratos-blog.larioja.org\/index.php?rest_route=\/wp\/v2\/types\/page"}],"author":[{"embeddable":true,"href":"https:\/\/buenostratos-blog.larioja.org\/index.php?rest_route=\/wp\/v2\/users\/1"}],"replies":[{"embeddable":true,"href":"https:\/\/buenostratos-blog.larioja.org\/index.php?rest_route=%2Fwp%2Fv2%2Fcomments&post=85"}],"version-history":[{"count":40,"href":"https:\/\/buenostratos-blog.larioja.org\/index.php?rest_route=\/wp\/v2\/pages\/85\/revisions"}],"predecessor-version":[{"id":608,"href":"https:\/\/buenostratos-blog.larioja.org\/index.php?rest_route=\/wp\/v2\/pages\/85\/revisions\/608"}],"wp:attachment":[{"href":"https:\/\/buenostratos-blog.larioja.org\/index.php?rest_route=%2Fwp%2Fv2%2Fmedia&parent=85"}],"curies":[{"name":"wp","href":"https:\/\/api.w.org\/{rel}","templated":true}]}}