{"id":111,"date":"2013-10-25T09:52:08","date_gmt":"2013-10-25T09:52:08","guid":{"rendered":"http:\/\/buenostratos-dev.larioja.org\/?page_id=111"},"modified":"2013-11-12T13:19:27","modified_gmt":"2013-11-12T13:19:27","slug":"alumnado","status":"publish","type":"page","link":"https:\/\/buenostratos-blog.larioja.org\/?page_id=111","title":{"rendered":"Alumnado"},"content":{"rendered":"<h1 style=\"text-align: justify;\"><span style=\"color: #0000ff;\">!Chicos y Chicas!<\/span><\/h1>\n<p style=\"text-align: justify;\">!Poned un poco de m<a href=\"http:\/\/buenostratos-dev.larioja.org\/wp-content\/uploads\/2013\/10\/la-magia-de-los-buenos-tratos.jpg\"><img loading=\"lazy\" decoding=\"async\" width=\"214\" height=\"300\" class=\" wp-image-139 alignleft\" alt=\"la magia de los buenos tratos\" src=\"http:\/\/buenostratos-blog.larioja.org\/wp-content\/uploads\/2013\/10\/la-magia-de-los-buenos-tratos-214x300.jpg\" srcset=\"https:\/\/buenostratos-blog.larioja.org\/wp-content\/uploads\/2013\/10\/la-magia-de-los-buenos-tratos-214x300.jpg 214w, https:\/\/buenostratos-blog.larioja.org\/wp-content\/uploads\/2013\/10\/la-magia-de-los-buenos-tratos.jpg 622w\" sizes=\"(max-width: 214px) 100vw, 214px\" \/><\/a>agia a la vida!<\/p>\n<p style=\"text-align: justify;\">Aprende y comparte los ingredientes de esta p\u00f3cima m\u00e1gica: la convivencia, la igualdad, el respeto, la tolerancia, la dignidad..<span style=\"color: #993366;\">..<\/span><\/p>\n<p><span style=\"color: #993366;\"><strong><span style=\"color: #0000ff;\">\u00a1ES LA MAGIA DE LOS BUENOS TRATOS!<\/span> <\/strong><\/span><\/p>\n<p style=\"text-align: justify;\">La p\u00f3cima est\u00e1 lista. Os damos la f\u00f3rmula para hacer que los <span style=\"color: #0000ff;\"><strong>Buenos Tratos<\/strong><\/span> llenen vuestros corazones, aparta las diferencias, todos valemos y juntos vamos a encantar nuestro d\u00eda a d\u00eda.<\/p>\n<p style=\"text-align: justify;\"><strong><span style=\"color: #339966;\">\u00a1Esperamos vuestros comentarios y aportaciones!<\/span><\/strong><\/p>\n<p style=\"text-align: justify;\">Podeis utilizar:<\/p>\n<ol>\n<li style=\"text-align: justify;\"><span style=\"color: #800080;\"><a title=\"Juegos\" href=\"http:\/\/buenostratos.larioja.org\/juegos.html\"><span style=\"color: #800080;\">Juegos<\/span><\/a><\/span><\/li>\n<li style=\"text-align: justify;\"><span style=\"color: #800080;\"><a title=\"canciones\" href=\"http:\/\/buenostratos.larioja.org\/videoteca.html\" target=\"_blank\"><span style=\"color: #800080;\">Canciones<\/span><\/a><\/span><\/li>\n<\/ol>\n","protected":false},"excerpt":{"rendered":"<p>!Chicos y Chicas! !Poned un poco de magia a la vida! Aprende y comparte los ingredientes de esta p\u00f3cima m\u00e1gica: la convivencia, la igualdad, el respeto, la tolerancia, la dignidad&#8230;. \u00a1ES LA MAGIA DE LOS BUENOS TRATOS! La p\u00f3cima est\u00e1 &hellip; <a href=\"https:\/\/buenostratos-blog.larioja.org\/?page_id=111\">Sigue leyendo <span class=\"meta-nav\">&rarr;<\/span><\/a><\/p>\n","protected":false},"author":1,"featured_media":0,"parent":0,"menu_order":4,"comment_status":"open","ping_status":"closed","template":"sidebar-page.php","meta":{"footnotes":""},"_links":{"self":[{"href":"https:\/\/buenostratos-blog.larioja.org\/index.php?rest_route=\/wp\/v2\/pages\/111"}],"collection":[{"href":"https:\/\/buenostratos-blog.larioja.org\/index.php?rest_route=\/wp\/v2\/pages"}],"about":[{"href":"https:\/\/buenostratos-blog.larioja.org\/index.php?rest_route=\/wp\/v2\/types\/page"}],"author":[{"embeddable":true,"href":"https:\/\/buenostratos-blog.larioja.org\/index.php?rest_route=\/wp\/v2\/users\/1"}],"replies":[{"embeddable":true,"href":"https:\/\/buenostratos-blog.larioja.org\/index.php?rest_route=%2Fwp%2Fv2%2Fcomments&post=111"}],"version-history":[{"count":12,"href":"https:\/\/buenostratos-blog.larioja.org\/index.php?rest_route=\/wp\/v2\/pages\/111\/revisions"}],"predecessor-version":[{"id":365,"href":"https:\/\/buenostratos-blog.larioja.org\/index.php?rest_route=\/wp\/v2\/pages\/111\/revisions\/365"}],"wp:attachment":[{"href":"https:\/\/buenostratos-blog.larioja.org\/index.php?rest_route=%2Fwp%2Fv2%2Fmedia&parent=111"}],"curies":[{"name":"wp","href":"https:\/\/api.w.org\/{rel}","templated":true}]}}