{"id":102,"date":"2013-10-25T07:52:56","date_gmt":"2013-10-25T07:52:56","guid":{"rendered":"http:\/\/buenostratos-dev.larioja.org\/?page_id=102"},"modified":"2014-10-06T12:53:32","modified_gmt":"2014-10-06T12:53:32","slug":"profesorado","status":"publish","type":"page","link":"https:\/\/buenostratos-blog.larioja.org\/?page_id=102","title":{"rendered":"Profesorado"},"content":{"rendered":"<p style=\"text-align: left;\">\u00a1Bienvenidos al<span style=\"color: #ff0000;\"><span style=\"color: #333399;\"><strong> Blog de Buenos Tratos<\/strong><\/span><span style=\"color: #000000;\">! <\/span><\/span><\/p>\n<p style=\"text-align: left;\">Para poder prevenir la violencia , uno de los pilares fundamentales es educar en igualdad.<\/p>\n<p style=\"text-align: justify;\">La actitud del profesorado en el aula es <span style=\"color: #0000ff;\">determinante<\/span> para modificar comportamientos, <span style=\"color: #0000ff;\">eliminar estereotipos<\/span> y corregir muchos desequilibrios.\u00a0 Por ello desde el Programa consideramos esencial vuestra participaci\u00f3n.<a href=\"http:\/\/buenostratos-blog.larioja.org\/wp-content\/uploads\/2013\/10\/Portada1.jpg\"><img loading=\"lazy\" decoding=\"async\" width=\"231\" height=\"300\" class=\" wp-image-275 alignright\" src=\"http:\/\/buenostratos-blog.larioja.org\/wp-content\/uploads\/2013\/10\/Portada1-231x300.jpg\" alt=\"Portada\" srcset=\"https:\/\/buenostratos-blog.larioja.org\/wp-content\/uploads\/2013\/10\/Portada1-231x300.jpg 231w, https:\/\/buenostratos-blog.larioja.org\/wp-content\/uploads\/2013\/10\/Portada1-788x1024.jpg 788w, https:\/\/buenostratos-blog.larioja.org\/wp-content\/uploads\/2013\/10\/Portada1.jpg 1537w\" sizes=\"(max-width: 231px) 100vw, 231px\" \/><\/a><\/p>\n<p style=\"text-align: justify;\">Queremos que este espacio se alimente de vuestros comentarios, sugerencias, experiencias&#8230;<\/p>\n<p style=\"text-align: justify;\">Que sea una v\u00eda \u00e1gil de comunicaci\u00f3n\u00a0 y d\u00f3nde pod\u00e1is encontrar <a title=\"Recursos en materia de coeducaci\u00f3n\" href=\"http:\/\/buenostratos.larioja.org\/publicaciones.html\"><span style=\"color: #0000ff;\"><span style=\"color: #800080;\">recursos en<\/span> <\/span><span style=\"color: #800080;\">materia de Coeducaci\u00f3n<\/span><\/a> que os ayuden en vuestra tarea educativa.<\/p>\n<p style=\"text-align: justify;\"><span style=\"color: #339966;\"><strong>!Esperamos vuestros comentarios y aportaciones!<\/strong><\/span><\/p>\n<p style=\"text-align: justify;\"><!--more--><\/p>\n<p style=\"text-align: justify;\"><!--more--><\/p>\n","protected":false},"excerpt":{"rendered":"<p>\u00a1Bienvenidos al Blog de Buenos Tratos! Para poder prevenir la violencia , uno de los pilares fundamentales es educar en igualdad. La actitud del profesorado en el aula es determinante para modificar comportamientos, eliminar estereotipos y corregir muchos desequilibrios.\u00a0 Por &hellip; <a href=\"https:\/\/buenostratos-blog.larioja.org\/?page_id=102\">Sigue leyendo <span class=\"meta-nav\">&rarr;<\/span><\/a><\/p>\n","protected":false},"author":1,"featured_media":0,"parent":0,"menu_order":2,"comment_status":"open","ping_status":"closed","template":"sidebar-page.php","meta":{"footnotes":""},"_links":{"self":[{"href":"https:\/\/buenostratos-blog.larioja.org\/index.php?rest_route=\/wp\/v2\/pages\/102"}],"collection":[{"href":"https:\/\/buenostratos-blog.larioja.org\/index.php?rest_route=\/wp\/v2\/pages"}],"about":[{"href":"https:\/\/buenostratos-blog.larioja.org\/index.php?rest_route=\/wp\/v2\/types\/page"}],"author":[{"embeddable":true,"href":"https:\/\/buenostratos-blog.larioja.org\/index.php?rest_route=\/wp\/v2\/users\/1"}],"replies":[{"embeddable":true,"href":"https:\/\/buenostratos-blog.larioja.org\/index.php?rest_route=%2Fwp%2Fv2%2Fcomments&post=102"}],"version-history":[{"count":30,"href":"https:\/\/buenostratos-blog.larioja.org\/index.php?rest_route=\/wp\/v2\/pages\/102\/revisions"}],"predecessor-version":[{"id":707,"href":"https:\/\/buenostratos-blog.larioja.org\/index.php?rest_route=\/wp\/v2\/pages\/102\/revisions\/707"}],"wp:attachment":[{"href":"https:\/\/buenostratos-blog.larioja.org\/index.php?rest_route=%2Fwp%2Fv2%2Fmedia&parent=102"}],"curies":[{"name":"wp","href":"https:\/\/api.w.org\/{rel}","templated":true}]}}

<p style="text-align: left;">¡Bienvenidos al<span style="color: #ff0000;"><span style="color: #333399;"><strong> Blog de Buenos Tratos</strong></span><span style="color: #000000;">! </span></span></p>
<p style="text-align: left;">Para poder prevenir la violencia , uno de los pilares fundamentales es educar en igualdad.</p>
<p style="text-align: justify;">La actitud del profesorado en el aula es <span style="color: #0000ff;">determinante</span> para modificar comportamientos, <span style="color: #0000ff;">eliminar estereotipos</span> y corregir muchos desequilibrios.  Por ello desde el Programa consideramos esencial vuestra participación.<a href="http://buenostratos-blog.larioja.org/wp-content/uploads/2013/10/Portada1.jpg"><img loading="lazy" decoding="async" width="231" height="300" class=" wp-image-275 alignright" src="http://buenostratos-blog.larioja.org/wp-content/uploads/2013/10/Portada1-231x300.jpg" alt="Portada" srcset="https://buenostratos-blog.larioja.org/wp-content/uploads/2013/10/Portada1-231x300.jpg 231w, https://buenostratos-blog.larioja.org/wp-content/uploads/2013/10/Portada1-788x1024.jpg 788w, https://buenostratos-blog.larioja.org/wp-content/uploads/2013/10/Portada1.jpg 1537w" sizes="(max-width: 231px) 100vw, 231px" /></a></p>
<p style="text-align: justify;">Queremos que este espacio se alimente de vuestros comentarios, sugerencias, experiencias&#8230;</p>
<p style="text-align: justify;">Que sea una vía ágil de comunicación  y dónde podáis encontrar <a title="Recursos en materia de coeducación" href="http://buenostratos.larioja.org/publicaciones.html"><span style="color: #0000ff;"><span style="color: #800080;">recursos en</span> </span><span style="color: #800080;">materia de Coeducación</span></a> que os ayuden en vuestra tarea educativa.</p>
<p style="text-align: justify;"><span style="color: #339966;"><strong>!Esperamos vuestros comentarios y aportaciones!</strong></span></p>
<p style="text-align: justify;"><!--more--></p>
<p style="text-align: justify;"><!--more--></p>
